1
In base 11, what is 3 + -4959?
-4956
In base 4, what is 231 - -3003131?
3010022
In base 9, what is -2 - 44146?
-44148
In base 15, what is 62 - -2779?
27db
In base 8, what is -3 + -134425?
-134430
In base 11, what is 6672 + 46?
6708
In base 8, what is 2312155 - -5?
2312162
In base 2, what is -101 + 111000010101110001?
111000010101101100
In base 4, what is 13310 - 1231?
12013
In base 3, what is 1200 - 20120?
-11220
In base 15, what is 69d61 - -3?
69d64
In base 6, what is -254 + -1540?
-2234
In base 5, what is 104 - 3443224?
-3443120
In base 16, what is 3 - 68f7?
-68f4
In base 8, what is -21 + 171701?
171660
In base 3, what is -1002212 + 2122?
-1000020
In base 8, what is -14 + 3061?
3045
In base 13, what is 323500 - 0?
323500
In base 14, what is 1c + -8c8?
-8aa
In base 6, what is 1245 + -132?
1113
In base 3, what is -222200 - -10110021?
2110121
In base 12, what is 5 + -417a6?
-417a1
In base 15, what is 3 + -125?
-122
In base 4, what is -20 + -133231?
-133311
In base 14, what is -55b + 35?
-526
In base 7, what is 0 + -4261343?
-4261343
In base 2, what is 1010110100011 + -10101110100?
1000000101111
In base 12, what is -4 + -115?
-119
In base 5, what is 40 - -1102432?
1103022
In base 2, what is 11100101 + -1011000?
10001101
In base 10, what is 74931 - -3?
74934
In base 11, what is 11630 + 5?
11635
In base 5, what is 42 + -134444?
-134402
In base 7, what is -3650 - -303?
-3344
In base 15, what is 6 - -c9ed0?
c9ed6
In base 16, what is -1c + -c409?
-c425
In base 8, what is -252342 + 120?
-252222
In base 13, what is 1 + 69a7?
69a8
In base 4, what is 11230232 + 120?
11231012
In base 7, what is -213 - -2?
-211
In base 7, what is 443450 - -10?
443460
In base 14, what is 4 - 676?
-672
In base 8, what is 4 - 323153?
-323147
In base 5, what is 4343211414 + 4?
4343211423
In base 13, what is 7 + 49?
53
In base 15, what is -11 - 1013?
-1024
In base 5, what is 1 - 10314413?
-10314412
In base 10, what is 34338 + 5?
34343
In base 13, what is 1a23b - 5?
1a236
In base 9, what is 111110 + 0?
111110
In base 10, what is -7 - -485004?
484997
In base 13, what is -6 - 18840?
-18846
In base 15, what is 1a9 + 36?
1e0
In base 8, what is -762 + -55?
-1037
In base 6, what is -342 - 55423?
-100205
In base 4, what is -1010332033 + 11?
-1010332022
In base 12, what is 0 + -14906?
-14906
In base 13, what is -92 - -128?
66
In base 4, what is 10 + 1110033?
1110103
In base 7, what is 103262 + 0?
103262
In base 16, what is 4608b - -1?
4608c
In base 15, what is -13c66 - 5?
-13c6b
In base 11, what is -26 - 8691?
-8707
In base 9, what is 47 + -3074?
-3026
In base 8, what is 1 - 21461?
-21460
In base 11, what is 15 + 15a6?
1610
In base 4, what is -1003 + 21110?
20101
In base 4, what is 1 + 211231012?
211231013
In base 13, what is 2c73 + 82?
3025
In base 6, what is -144 + 153?
5
In base 13, what is 6a + -8b0?
-843
In base 12, what is 114 - -1016?
112a
In base 5, what is 2102301 + 1?
2102302
In base 2, what is 10001111111000000 + 11011?
10001111111011011
In base 2, what is 11010011 + -1101100111011?
-1101001101000
In base 2, what is 1100001111100100 - 10?
1100001111100010
In base 8, what is -3 - -25542?
25537
In base 10, what is 5761 + -31?
5730
In base 9, what is 2812 + -3424?
-512
In base 15, what is -89a4 - 1b?
-89c0
In base 16, what is 784de - 4?
784da
In base 15, what is 9534 + -1?
9533
In base 12, what is -208 - a52?
-105a
In base 8, what is 6 - -17320?
17326
In base 11, what is -870 + -33?
-8a3
In base 6, what is -415 + -44103?
-44522
In base 6, what is -1051 + -14412?
-15503
In base 6, what is 34451 - 5?
34442
In base 14, what is -8c70 + -47?
-8cb7
In base 2, what is 1 + 11110111100000?
11110111100001
In base 9, what is -3 - 168466?
-168470
In base 9, what is 1148 + -210?
838
In base 12, what is -4907 + 39b?
-4528
In base 13, what is 33bc + 173?
3562
In base 11, what is -2 + 3166?
3164
In base 3, what is -22 - -202212?
202120
In base 9, what is -425182 + 3?
-425178
In base 9, what is 28 - 213?
-174
In base 10, what is -7362 + -2?
-7364
In base 8, what is 720 - 167?
531
In base 14, what is -2b14 - -4?
-2b10
In base 6, what is 0 - -1502514?
1502514
In base 11, what is -1849 - -2?
-1847
In base 2, what is -100100010111 - -101?
-100100010010
In base 12, what is -2 - -68243?
68241
In base 10, what is -3 + -342312?
-342315
In base 9, what is -46 - 2362?
-2418
In base 15, what is e - -1701?
1710
In base 13, what is 3c72 - -c0?
4062
In base 12, what is a + 774?
782
In base 10, what is -17887 + 4?
-17883
In base 2, what is -10 - -11011101001000000?
11011101000111110
In base 13, what is -27ba7 - -4?
-27ba3
In base 5, what is 2003000 + 10?
2003010
In base 6, what is -15 - -2044521?
2044502
In base 14, what is -267 + 264?
-3
In base 9, what is -1058 + 48?
-1010
In base 15, what is -c + 186?
179
In base 8, what is 45564 + 0?
45564
In base 15, what is 0 + 86635?
86635
In base 3, what is -100110 - -101122102?
101021222
In base 16, what is 3c6209 - 3?
3c6206
In base 11, what is 10954 - -22?
10976
In base 2, what is -100001 - 110011100?
-110111101
In base 2, what is -110001100111111100 + -11?
-110001100111111111
In base 3, what is 12 - -2201211?
2202000
In base 12, what is -213 - 18?
-22b
In base 14, what is -5 + -1822?
-1827
In base 15, what is 10 - 24?
-14
In base 3, what is 1220210 + 10002001?
11222211
In base 13, what is -8a8 + 9ca?
122
In base 16, what is -8b3e + -c?
-8b4a
In base 11, what is -5 - -177443?
177439
In base 5, what is 3124 + 100?
3224
In base 12, what is -38 + 112a3?
11267
In base 10, what is 3247327 + 3?
3247330
In base 11, what is 3381a4 - 2?
3381a2
In base 12, what is 373204 + 5?
373209
In base 13, what is -c + 47a5?
4796
In base 6, what is 424 - 4414?
-3550
In base 10, what is 12869 - -2?
12871
In base 16, what is 8f + -3054?
-2fc5
In base 10, what is -3 - -510015?
510012
In base 11, what is 230390 + 6?
230396
In base 2, what is -1011001 + -1100010101?
-1101101110
In base 2, what is 1100 - -1101010110000100?
1101010110010000
In base 8, what is 11 + -3163?
-3152
In base 13, what is 3 - 196?
-193
In base 2, what is -1110010111011101 + -1011?
-1110010111101000
In base 2, what is 10000011100001010 + 111?
10000011100010001
In base 13, what is 36c36 + -5?
36c31
In base 9, what is -123 + 1?
-122
In base 7, what is -1336 - 413?
-2052
In base 11, what is -169a6 + 6?
-169a0
In base 13, what is -23 + -2cc?
-322
In base 15, what is -2 + 34b2?
34b0
In base 11, what is -7624 + 46?
-7589
In base 5, what is -3 + 113432?
113424
In base 16, what is 2a9 + -83?
226
In base 15, what is -1e - 95a?
-979
In base 9, what is 1 - 21448?
-21447
In base 16, what is 1391 + -1f2?
119f
In base 13, what is -78 + -27a?
-325
In base 7, what is -504402 + -4?
-504406
In base 3, what is -11 + -1022200201?
-1022200212
In base 12, what is -158a + 192?
-13b8
In base 7, what is 33523 + 6?
33532
In base 9, what is 1411 + 1042?
2453
In base 14, what is -58 - -a93?
a39
In base 4, what is 321 + 1230302?
1231223
In base 6, what is 451 - -15454?
20345
In base 9, what is 18 - 1277?
-1258
In base 12, what is -2733 - -60?
-2693
In base 14, what is -138 + -407?
-541
In base 11, what is -189 - -35?
-154
In base 3, what is -2 - 221220101?
-221220110
In base 2, what is -1 - -10010011111000000001?
10010011111000000000
In base 4, what is 30011301 - 33?
30011202
In base 6, what is -1545 + -110?
-2055
In base 6, what is 1 + -204014?
-204013
In base 15, what is -71 - a8e?
-b10
In base 11, what is 260 + 134?
394
In base 8, what is 260 - -456?
736
In base 8, what is 661 + -3307?
-2426
In base 10, what is -121 - 878?
-999
In base 4, what is 2110011 + 2?
2110013
In base 6, what is 14 + 405204?
405222
In base 5, what is 22140 + -32?
22103
In base 9, what is 7 + 21484?
21502
In base 15, what is -19 - 4cc1?
-4cda
In base 16, what is 334 + 2d?
361
In base 14, what is -1165a1 + 5?
-11659a
In base 5, what is -214321 - -2214?
-212102
In base 2, what is 10011001010101111100 + 11?
10011001010101111111
In base 2, what is 100111101 + -1100000011?
-111000110
In base 10, what is -16 - -1180?
1164
In base 6, what is 1 - 4005105?
-4005104
In base 6, what is -143 + -2105?
-2252
In base 7, what is 524 - -142?
666
In base 3, what is -111111 - -21100?
-20011
In base 16, what is -6 + -21d5?
-21db
In base 4, what is 11013 + -131020?
-120001
In base 9, wha